 i(2). Let l = j + -9466. Is l composite?
False
Suppose 14*y - 18 = 66. Is (-1003)/((-5 - 1)/y) composite?
True
Let k(t) = 286940*t**3 + t**2 - t - 1. Is k(1) composite?
True
Let m be -2 - (15 - (0 + -5)). Let l = -5 - -9. Is (-346)/l*(m + 48/6) composite?
True
Let x = 17827 - 9895. Suppose 0 = 2*m + 4*i - x, -4*m + 1331 = 4*i - 14541. Suppose 4*q = -3*d + 2981, 2*q + q - m = -4*d. Is d prime?
True
Let u be 13 + 1392/(-108) - 5038/(-18). Suppose 4*m = u + 484. Is m a prime number?
True
Let a be (-1 + 11316)/5 - -6. Let t = a - 1110. Is t a prime number?
False
Let t(v) = 26*v**3 + 2*v**2 - 9*v + 620. Is t(33) prime?
False
Suppose 5*x - 19393 = 2*u, -5*u = x - 5*x + 15528. Is x/(8*5/40) composite?
False
Let w(h) = -428*h**2 + 7*h + 9. Let d be w(-3). Let j = -1638 - d. Let m = j - 1429. Is m composite?
False
Let z be 14 + (-8 + 1 - 1). Is z/33 + 1242870/110 a prime number?
True
Let r = 48176 + -22793. Is r a composite number?
True
Let y be ((-45)/(-5))/(-3) - -1. Let j be y + 1/(-1) - (6790 + 0). Let u = 13314 + j. Is u a composite number?
False
Let p(f) = 21*f**2 + 6*f - 13. Let n(g) = -2*g + 4. Let v be n(2). Suppose v = -5*q - 52 + 22. Is p(q) composite?
True
Let f(q) = q**3 - 4*q**2 + 3*q - 10. Let i be f(3). Let u be (-6 - i)/(-3 + 1). Is 1371/(2*(u - 5/(-2))) a composite number?
True
Suppose 0 = -w + 4*s - 8, -s + 2 = -0. Let x be (w - 2)/((-9)/(-6714)). Let v = -869 - x. Is v prime?
False
Is (-54708880)/(-112) + (-54)/(-63) a composite number?
False
Suppose 0 = -2*w + 2*l + 3042, 619 = w - 5*l - 894. Is w a prime number?
True
Suppose 5*k + 2*c - 72 = 0, 3*k - k + 2*c - 30 = 0. Suppose -x + 39 = k. Is (-3)/(-15) + (595/x - 1) a composite number?
False
Let l(t) = 659*t**3 - t**2 + 5*t - 4. Suppose -2 = -9*i + 10*i + 3*b, b = -3*i + 2. Is l(i) a prime number?
True
Let n(r) be the third derivative of 13*r**6/144 - r**5/20 - 29*r**4/24 - 24*r**2. Let f(o) be the second derivative of n(o). Is f(4) a composite number?
True
Suppose 428 = -5*h - 1392. Is (-1)/2 - -58*h/(-16) composite?
False
Suppose b - 3*r - 17 + 5 = 0, 6 = b - r. Suppose 51 = b*q - 3*l, 3*l = 4*q - 2*l - 71. Is -227*(-258)/21 + 2/q a prime number?
True
Let i be (-736)/(-69)*1/(1/3). Is -933*(i/(-6) + 5) a prime number?
True
Suppose -444374 - 2158366 = -5*n - z, -2*n = 4*z - 1041114. Is n a prime number?
True
Suppose -19381588 = -132*m - 57*m + 3120185. Is m a prime number?
True
Suppose -4*j - 18*r + 19*r + 42109 = 0, -10501 = -j + 4*r. Is j prime?
True
Let d = -31290 + 44775. Let i = -7368 + d. Is i a prime number?
False
Let x(m) = m**2 + 3*m - 14. Let h be x(-5). Suppose 0 = u - 2*u - 3*s + 3, -5*u + 15 = -s. Is (1540/(-16) + u)*h prime?
True
Suppose 5*d + 34 = -4*g + 402, -5*g - 4*d = -460. Let l = g + -90. Suppose -l*j + 903 = -511. Is j a prime number?
False
Suppose -3*f + 1386921 = -3*i, 2242*f - 4*i = 2241*f + 462307. Is f prime?
True
Suppose 0 = d + 3*d + 28. Let z be 3/((d/14)/(1/(-3))). Suppose 2*p - 3*v = 13606, -v - 4029 - 9577 = -z*p. Is p prime?
True
Let x(t) = -79*t - 32. Let u be x(2). Let b = u - -993. Is b a composite number?
True
Suppose 132*z - 123*z - 18 = 0. Suppose z*j - 25782 = -2*u, -5*j = -3*u + 15772 - 80211. Is j a composite number?
False
Suppose 4*u + 3*g - 2228076 = 0, -3*u + 2*g + 1671054 = 5*g. Suppose -u = -3*t + 5*t. Is (((-2)/3)/(-1))/((-86)/t) composite?
True
Suppose -1309 - 1796 = -5*d. Let s = 1588 - d. Is s a prime number?
True
Suppose 12264101 - 4024019 + 3869740 = 46*v. Is v a composite number?
False
Is 2 + (62003 - 10) + -8 a prime number?
True
Let b = 37 - 37. Suppose b = -8*p + 4 - 4. Suppose p*s + 1942 = s. Is s composite?
True
Suppose 9*w = 13*w + 92. Let j = w + 27. Suppose 78 = -j*s + 7*s. Is s prime?
False
Suppose -15 = -5*t, -9*t = 2*m - 14*t + 125. Let w = 824 - m. Is w prime?
False
Suppose 9*n - 5*n = 28. Let y(u) = 1 + 0 - 11 + n + 40*u. Is y(4) composite?
False
Suppose 2*q + 3*q = -30. Let o be (-147)/(-9) - 4/q. Is -4 + o/4 + (-1875)/(-4) a composite number?
True
Let b = 56152 - -31945. Is b a composite number?
True
Let y(s) = 10*s**3 - 30*s**2 + 109*s + 25. Is y(24) composite?
False
Is (-5)/2*((-2)/20)/(3/446916) composite?
False
Suppose 10 = -2*d, -2*h = -d - 4*d + 1195. Suppose 3080 = 3*i + 2*i. Let x = i - h. Is x prime?
False
Is (-2641080)/(-216) - (7 + 488/(-72)) a composite number?
False
Let u(z) = -z**3 + 14*z**2 + 15. Suppose 3*v + 199 + 38 = -3*q, 2*v = 6. Let l = q - -92. Is u(l) a composite number?
True
Suppose -14*h = -35*h + 63. Suppose -5*q + 10681 = 2*p, h*p + 832 - 16822 = 3*q. Is p composite?
False
Let l be (153/102)/((-1)/(-2)). Is l/2*(-544134)/(-207) composite?
False
Let a be (2 - 1) + 0 - (1 + -3). Is 497 - ((4 - 11) + a) a prime number?
False
Is ((-13)/(-2))/(-4 + 18582/3716 - 1) a prime number?
False
Suppose 2*v = 3*v + 3*i + 6, 21 = 4*v - 3*i. Let s be (v/4)/((-4)/(8*-446)). Is (2 - 1)*s - -4 a composite number?
False
Suppose y + 8 = -t - 2*t, -3*t + y = 16. Let l be (16260/(-6))/(t/(2/1)). Let u = -312 + l. Is u prime?
False
Let z(h) = -3*h**2 + 33*h - 35. Let t(m) = m**2 + 4. Let v(l) = -4*t(l) - z(l). Is v(-33) prime?
True
Let u(n) = -3*n + 8*n**2 - 7 - 295*n**2 + 6*n - 162*n**2. Let b(v) = 1795*v**2 - 11*v + 28. Let y(r) = -2*b(r) - 9*u(r). Is y(2) composite?
False
Suppose -20*i = -3*a - 21*i + 2228671, 0 = 22*a - i - 16343604. Is a a prime number?
True
Suppose 0 = w + 4*w - p - 8589, 0 = -5*w + 2*p + 8593. Let b = w + 9096. Is b composite?
True
Suppose 27*s - 23*s - n = 2173845, 0 = 3*n - 21. Is s prime?
True
Let t = 285 - 284. Let n = t - -1584. Is n prime?
False
Let r(a) = 7*a**3 + a**2 - 3*a + 3. Let l be r(1). Suppose -k = -2*p - l, -4 - 2 = 3*p. Suppose -5*t + k*z - 83 + 368 = 0, 0 = t + 5*z - 28. Is t prime?
True
Suppose -4*c + 121715 = 14*x - 9*x, 0 = 2*x - 2*c - 48704. Is x a prime number?
False
Suppose m - 32 = -3*m. Let l(x) = 10*x**2 - 11*x + 11. Let d(j) = -3*j**2 + 4*j - 4. Let t(r) = m*d(r) + 3*l(r). Is t(6) composite?
False
Suppose -142*h + 21677 = -89*h. Is h a composite number?
False
Let h = 456596 - 271195. Is h composite?
False
Let c(m) = m**3 + 67*m**2 - 204*m + 851. Is c(-67) prime?
True
Let l = -70 + 70. Suppose -4*n = 13*c - 10*c - 29593, l = -c - 3*n + 9866. Is c composite?
True
Let o = 9929 + -4776. Is o prime?
True
Is (-22)/12*(4*36/16 + -78663) a composite number?
True
Suppose -12*i = -10*i - 90128. Let d be (1/2)/(3 - i/15024). Let x = d + 679. Is x a composite number?
True
Suppose 3*n = -2*l + 4*l + 11, -7 = -2*n + l. Suppose 3*x + h + h - 3657 = 0, 5*x = n*h + 6076. Is x composite?
False
Let g be (0 + 1)/(4/52). Suppose -g*u - 508 = -17*u. Is u composite?
False
Let l(b) = -b**2 - 27*b + 11. Suppose -61 = -10*m + 9. Suppose -2*s - 144 = m*s. Is l(s) prime?
False
Let q(w) = -w**2 + 28*w + 61. Let o be q(-2). Is (-4 + o + 1)*173649/(-42) composite?
False
Suppose h - 22428 - 136889 = -2*w, -5*w + 398273 = -4*h. Is w a prime number?
True
Suppose 5*m - 151948 = -3*h, 60775 = -0*m + 2*m - 3*h. Is m prime?
True
Suppose 0 = -3*c - 3*d + 21, 0 = -5*c + 7*c + d - 14. Is (3 - (-2 + c))*(-500766)/28 composite?
True
Suppose 77 = 30*q - 27*q + 5*h, 3*q - 89 = h. Suppose q*x - 859757 = -47206. Is x composite?
False
Suppose 2*l - 2 = 2. Suppose 4 = -2*z, -5 - 3 = l*v + 4*z. Suppose 2*g + r - 1002 = v, 1995 = 5*g + 5*r - 500. Is g a composite number?
False
Suppose -729 - 63 = 9*q. Is (6 + q/24)/((-2)/(-2334)) prime?
False
Is (-161554*9/(-18))/1 a composite number?
False
Suppose 4*s - 2*g = 32, 5*s - g - 40 = -2*g. Is ((-80)/s - -128)*(-10)/(-4) a prime number?
False
Let p(v) = -1295*v. Let a be p(-3). Let w = -2289 + a. Suppose 3*x + 4621 - w = 4*q, -q = 3*x - 760. Is q a composite number?
False
Suppose -6*h + s + 2747 = -4*h, -h + 1366 = s. Is h prime?
False
Suppose 58*a = 62*a - 7*r - 556233, 695345 = 5*a + 2*r. Is a prime?
True
Suppose -4*y + 5679 = 3*p, 4*p = 2*y + 1267 - 4123. Suppose b - 3 = 0, 0 = 2*u + 6*b - y - 39506. Is u a composite number?
True
Suppose t - 4*t = 0. Suppose t = -4*m + 2*m + 42. Is (m/(-14))/((-6)/1016) a prime number?
False
Suppose -q + 37637 = -z, 0 = -23*q + 26*q + 4*z - 112883. Is q composite?
False
Suppose -30*s - 18*s = 42185 - 247865. Is s a composite number?
True
Suppose 12 = x + 5*v, 6*v - 4*v - 106 = -5*x. Suppose -18*q + x*q = -44. Is (-2)/q 